 digit of 4353415057?
3
What is the tens digit of 787652173?
7
What is the thousands digit of 182092404?
2
What is the tens digit of 25689158?
5
What is the millions digit of 46450945?
6
What is the ten millions digit of 1670261856?
7
What is the hundred thousands digit of 3800118110?
1
What is the ten millions digit of 47376199?
4
What is the hundred millions digit of 786688423?
7
What is the units digit of 2136265759?
9
What is the ten millions digit of 3365332251?
6
What is the hundred millions digit of 311784629?
3
What is the hundreds digit of 28362303?
3
What is the thousands digit of 204843818?
3
What is the ten millions digit of 6374647315?
7
What is the thousands digit of 5312112?
2
What is the ten millions digit of 77644528?
7
What is the ten thousands digit of 140406698?
0
What is the hundred thousands digit of 10246479?
2
What is the millions digit of 10195253?
0
What is the millions digit of 398094894?
8
What is the ten millions digit of 423995929?
2
What is the tens digit of 8539474?
7
What is the tens digit of 53550408?
0
What is the units digit of 380181422?
2
What is the hundred millions digit of 981665656?
9
What is the millions digit of 7343999?
7
What is the thousands digit of 55908724?
8
What is the millions digit of 639926610?
9
What is the units digit of 276415240?
0
What is the tens digit of 1126811252?
5
What is the hundreds digit of 95922698?
6
What is the ten thousands digit of 339759913?
5
What is the tens digit of 173722171?
7
What is the thousands digit of 896316776?
6
What is the tens digit of 2560876240?
4
What is the ten thousands digit of 181532619?
3
What is the hundred thousands digit of 202667237?
6
What is the ten millions digit of 8914631294?
1
What is the hundred thousands digit of 38634855?
6
What is the units digit of 86715814?
4
What is the millions digit of 125680619?
5
What is the ten thousands digit of 40343817?
4
What is the hundred thousands digit of 1610014925?
0
What is the units digit of 220644540?
0
What is the units digit of 22230513?
3
What is the hundred thousands digit of 140336015?
3
What is the hundred thousands digit of 279597222?
5
What is the hundred thousands digit of 1049214855?
2
What is the ten thousands digit of 378584416?
8
What is the millions digit of 429267403?
9
What is the ten millions digit of 33315107?
3
What is the thousands digit of 11635373?
5
What is the tens digit of 299622013?
1
What is the ten millions digit of 1019810674?
1
What is the tens digit of 87803359?
5
What is the ten millions digit of 3058721560?
5
What is the thousands digit of 236672107?
2
What is the thousands digit of 23154381?
4
What is the hundreds digit of 74809606?
6
What is the thousands digit of 445865648?
5
What is the millions digit of 439871361?
9
What is the units digit of 36093358?
8
What is the ten millions digit of 33495825?
3
What is the millions digit of 11206040?
1
What is the hundred thousands digit of 24453428?
4
What is the millions digit of 11240200?
1
What is the units digit of 57161685?
5
What is the hundreds digit of 33961937?
9
What is the hundreds digit of 36939958?
9
What is the units digit of 90175026?
6
What is the millions digit of 2175670705?
5
What is the units digit of 126203381?
1
What is the millions digit of 178896232?
8
What is the hundreds digit of 407656789?
7
What is the tens digit of 310175305?
0
What is the tens digit of 49289665?
6
What is the tens digit of 1135964338?
3
What is the ten thousands digit of 166705692?
0
What is the hundreds digit of 39983638?
6
What is the millions digit of 27922174?
7
What is the ten thousands digit of 44211719?
1
What is the thousands digit of 53776008?
6
What is the ten thousands digit of 85890597?
9
What is the ten millions digit of 253205814?
5
What is the thousands digit of 24756910?
6
What is the millions digit of 23028616?
3
What is the billions digit of 4868733470?
4
What is the hundred thousands digit of 1000327881?
3
What is the hundreds digit of 1318734175?
1
What is the ten millions digit of 20279095?
2
What is the units digit of 144818027?
7
What is the ten millions digit of 48114215?
4
What is the hundred thousands digit of 200023601?
0
What is the ten millions digit of 206834090?
0
What is the units digit of 111048400?
0
What is the thousands digit of 477720933?
0
What is the ten thousands digit of 171719642?
1
What is the ten millions digit of 46722172?
4
What is the hundred millions digit of 3171818445?
1
What is the millions digit of 2463383812?
3
What is the hundreds digit of 171429471?
4
What is the ten millions digit of 1100301580?
0
What is the ten millions digit of 124890415?
2
What is the hundred millions digit of 201926014?
2
What is the units digit of 314651117?
7
What is the hundred millions digit of 3799970190?
7
What is the units digit of 114528377?
7
What is the millions digit of 73403230?
3
What is the hundreds digit of 18926599?
5
What is the billions digit of 5886184820?
5
What is the millions digit of 2265118242?
5
What is the tens digit of 172285332?
3
What is the units digit of 178410388?
8
What is the hundreds digit of 616491820?
8
What is the thousands digit of 37529046?
9
What is the ten thousands digit of 154223175?
2
What is the tens digit of 4784722626?
2
What is the thousands digit of 2286669?
6
What is the millions digit of 208253974?
8
What is the units digit of 612960751?
1
What is the thousands digit of 792019551?
9
What is the units digit of 561094130?
0
What is the ten millions digit of 26527351?
2
What is the millions digit of 768393545?
8
What is the ten millions digit of 1096839219?
9
What is the ten thousands digit of 386244287?
4
What is the ten thousands digit of 21762513?
6
What is the hundred millions digit of 1675740593?
6
What is the thousands digit of 938703747?
3
What is the ten millions digit of 420119502?
2
What is the units digit of 4036626315?
5
What is the units digit of 100601143?
3
What is the hundreds digit of 1034237787?
7
What is the ten thousands digit of 1057123142?
2
What is the thousands digit of 399408272?
8
What is the hundred millions digit of 335952021?
3
What is the thousands digit of 4295845?
5
What is the hundreds digit of 2180556888?
8
What is the hundred thousands digit of 30177421?
1
What is the ten thousands digit of 78634719?
3
What is the hundreds digit of 25667828?
8
What is the millions digit of 776544501?
6
What is the hundred thousands digit of 39725533?
7
What is the units digit of 40287789?
9
What is the thousands digit of 307371129?
1
What is the millions digit of 40701374?
0
What is the hundred thousands digit of 6720533027?
5
What is the hundreds digit of 65380125?
1
What is the thousands digit of 2805864526?
4
What is the ten thousands digit of 26238228?
3
What is the ten millions digit of 20791921?
2
What is the hundred thousands digit of 144136660?
1
What is the hundreds digit of 6190978049?
0
What is the ten thousands digit of 596098726?
9
What is the units digit of 24495950?
0
What is the millions digit of 7635918855?
5
What is the tens digit of 51359230?
3
What is the thousands digit of 478308326?
8
What is the tens digit of 639130465?
6
What is the tens digit of 9938559?
5
What is the millions digit of 2710141548?
0
What is the hundreds digit of 429689665?
6
What is the hundred millions digit of 554794233?
5
What is the tens digit of 184545513?
1
What is the millions digit of 602987537?
2
What is the thousands digit of 43064367?
4
What is the units digit of 601284950?
0
What is the hundreds digit of 1610480469?
4
What is the hundreds digit of 32957082?
0
What is the millions digit of 413000775?
3
What is the hundred millions digit of 1143650153?
1
What is the ten thousands digit of 22302987?
0
What is the millions digit of 98191746?
8
What is the units digit of 577226087?
7
What is the ten thousands digit of 83035313?
3
What is the ten millions digit of 91031395?
9
What is the thousands digit of 304830480?
0
What is the ten thousands digit of 4215366014?
6
What is the units digit of 569979399?
9
What is the hundreds digit of 56800702?
7
What is the millions digit of 16554968?
6
What is the tens digit of 44603876?
7
What is the units digit of 12307745?
5
What is the thousands digit of 621255527?
5
What is the thousands 